/7 - (-52)/14. Let m = 541 - 505. Calculate the highest common factor of q and m.
4
Suppose 0 = -4*c - w + 31 - 97, -44 = 3*c - 2*w. Let g = c - -22. Let p = 142 + -94. Calculate the greatest common divisor of g and p.
6
Let s be 2*-1 + -2 + 4. Let z(a) = -a**2 + 63. Let v be z(s). Let m be (1 - 2)/(1/(-7)). What is the greatest common divisor of m and v?
7
Let h = 14 + -4. Calculate the greatest common factor of h and 110.
10
Suppose -2*b + 14 = -0. Suppose 5*g - c - 270 = c, -234 = -4*g - 2*c. What is the highest common divisor of b and g?
7
Suppose -3*m - 4*y = -6*y - 73, -3*y = 2*m - 27. Calculate the greatest common factor of 147 and m.
21
Let s = -33 + 52. Calculate the greatest common divisor of s and 95.
19
Let i be (159 - 2)*1 - -3. Calculate the highest common factor of 40 and i.
40
Suppose -r = 2*r - 60. Suppose -12 - r = -2*o. Let q = -8 - -48. What is the greatest common divisor of o and q?
8
Suppose -3*h - 138 = -7*w + 2*w, -5*w + 166 = 4*h. What is the highest common divisor of w and 15?
15
Let p(l) = 3*l**2 + 95*l + 69. Let t be p(-31). Suppose -a = a - 42. Calculate the greatest common divisor of t and a.
7
Let s be (-3)/((-3)/(-2)) - -16. Let x(b) = -5*b - 124. Let l be x(-29). What is the highest common factor of s and l?
7
Suppose -2*p - b + 302 = 105, -5*p + 491 = b. Suppose -t = -3*t. Suppose 4*f + i - 54 = t, 5*f = -3*i + 66 - 2. What is the highest common factor of f and p?
14
Suppose 9*c = 8*c. Suppose o - 24 = -c*o. Calculate the greatest common factor of 12 and o.
12
Let n(x) = 218*x - 2. Let l be n(1). What is the highest common divisor of l and 24?
24
Let g = -27 - -37. What is the highest common divisor of 70 and g?
10
Let y = 13 + -9. Let b be (-48)/(-22) - 2/33*3. Calculate the greatest common factor of b and y.
2
Let r = 260 - 183. Calculate the greatest common divisor of r and 11.
11
Suppose -3*q - 4 = 2. Let x = 8 + -17. Let j be (-93)/x + q/6. What is the highest common divisor of 70 and j?
10
Suppose 2 = 7*v - 6*v. What is the highest common divisor of v and 2?
2
Suppose -2*z + z + 30 = 0. Let u be (2/4)/(2/12). Suppose 143 = u*t - 4*x, x = -t - 0*t + 43. Calculate the greatest common factor of t and z.
15
Suppose 7 + 8 = 3*l. Suppose 3*b - l*p - 10 = 21, 63 = 5*b + 3*p. Calculate the highest common factor of 36 and b.
12
Suppose -5*y + 3*x + 10 = 0, -5*y - x = -2*x. Let w = y - -5. What is the greatest common divisor of w and 8?
4
Let f(h) be the third derivative of h**4/6 - h**3/2 + 2*h**2. Let v be f(3). What is the greatest common divisor of 9 and v?
9
Let c(u) = 2*u**2 - u - 1. Let s be c(2). Let z = 7 - s. Suppose -z*l + 42 + 4 = 0. What is the highest common factor of 23 and l?
23
Let t be (-2)/(-4) - (-7)/2. What is the highest common divisor of 2 and t?
2
Let q(p) = p**3 - 5*p**2 - p - 1. Let g be q(5). Let k = g - -22. What is the greatest common divisor of k and 32?
16
Let u(f) = -f**3 + 8*f**2 - 5*f + 2. Let j be u(7). Calculate the highest common factor of 24 and j.
8
Let i(h) = -h**2 + 8*h. Let l be i(6). What is the highest common divisor of 6 and l?
6
Let l be (-72)/(-10) - (-2)/(-10). What is the highest common factor of 21 and l?
7
Let p be (-6)/(-9) + 21/9. Suppose j + 10 - p = -2*b, 3*j = -b - 6. Let s be 5*2 + 3 + b. Calculate the highest common divisor of s and 2.
2
Suppose -5*p + 4*b - 5 = 29, 3*p + 5*b = -13. Let r be (-86)/(-6) - 4/p. Let j be (-88)/(-14) - 4/14. Calculate the highest common factor of j and r.
3
Let n be 3 + (0 - (2 - 2)). Suppose -n*f = -f + 2. Let x be 45*2/f*-1. What is the greatest common divisor of x and 10?
10
Let f = 145 - 103. What is the highest common factor of f and 18?
6
Let o be 8 + (-3)/((-3)/(-4)). Suppose -1 = 3*m + 5*y + 12, 3*m + 8 = -o*y. What is the highest common factor of 10 and m?
2
Let v be 85*4*(-9)/(-60). Let k be (2*-17 + 0)/(-2). Calculate the greatest common divisor of k and v.
17
Suppose -5*h + 17 = -8. Calculate the highest common divisor of h and 55.
5
Let h = 40 + -28. Calculate the highest common factor of h and 96.
12
Let a(b) = b**3 - 6*b**2 - 7*b + 2. Let q be a(7). Suppose q*l + 26 = 4*f, -4*f - l + 23 = -0*f. Calculate the greatest common factor of f and 48.
6
Suppose -4*l = -8, 0*l - 130 = -5*y - 5*l. What is the highest common divisor of y and 72?
24
Let m be (-4)/2*(-11)/2. Calculate the highest common factor of m and 99.
11
Suppose 239 = -5*r + a + 50, r + 21 = -4*a. Let h = r - -52. Calculate the greatest common factor of h and 165.
15
Let z(n) = n**3 - 4*n**2 - 7*n + 6. Let s be z(6). Let l = 63 + -59. What is the greatest common factor of s and l?
4
Suppose 4*u = -u - 10. Let g = 5 + u. Calculate the greatest common divisor of 2 and g.
1
Let o = 10 + -6. Suppose -o*s = h + 4, -3*s + 0 - 3 = -h. Let d(y) = -y**3 + y**2 + 25. Let w be d(h). Calculate the greatest common factor of w and 5.
5
Suppose 3*k - 1 = 5. Calculate the highest common divisor of 3 and k.
1
Let r be 2 + 128 - (-1 - 1). Suppose -r = -2*p - 2*p. Let o be (-11)/(4 + -2 + -3). Calculate the highest common factor of o and p.
11
Suppose 120 = 15*q - 1245. Calculate the greatest common divisor of q and 7.
7
Let h = 166 + -235. Let r = h + 113. Suppose -6*z + r = -2*z. Calculate the highest common factor of 44 and z.
11
Let t(b) = 20*b**3 - 2*b**2 + b. Let z be t(1). Let m = 1 + 0. Suppose a - m = z. What is the greatest common factor of 80 and a?
20
Let j(y) = -y**2 + 13*y + 23. Let u be j(12). What is the greatest common factor of u and 35?
35
Suppose -d - 2*n = 3 - 10, -2*d = 2*n - 10. Suppose 0 = -0*a - d*a + 6. What is the greatest common divisor of a and 16?
2
Suppose 6*b = b + 315. What is the highest common factor of b and 7?
7
Suppose -4*z + 4*j + 24 = 0, 0*j + 16 = 5*z + 2*j. Calculate the highest common divisor of 2 and z.
2
Let r = -14 - -4. Let q = r - -15. Suppose -h + q*h - 20 = 0. Calculate the greatest common factor of h and 15.
5
Let a = 3 - -1. Suppose -a*y = 3*v - 663, -4*v - 287 = -2*y + 39. Calculate the greatest common divisor of y and 15.
15
Let k be (15/6 + (0 - 3))*-30. What is the highest common factor of k and 20?
5
Let f = -4 + 11. Calculate the greatest common divisor of f and 14.
7
Suppose -y + 2 = -w, 5*w - 5 - 5 = -5*y. Suppose -y = -i + 14. Suppose -5*b = -135 - 65. Calculate the highest common factor of b and i.
8
Let b = -15 + 33. Calculate the greatest common divisor of b and 2.
2
Let a(i) = i - 1. Let j be a(-3). Let v be j/(-6) + (-524)/(-6). Calculate the greatest common factor of 11 and v.
11
Let b be (-111)/(-5) + 8/(-40). Let t = -13 + b. Calculate the greatest common divisor of 27 and t.
9
Suppose 2*j - 68 + 14 = 0. Calculate the highest common divisor of 36 and j.
9
Suppose 0*u = 2*u. Let y(l) = l + 4. Let f be y(u). Suppose z = 2, -f*h + 35 + 67 = -5*z. Calculate the greatest common factor of h and 7.
7
Let n(p) = -p**3 - 2*p + 20. Let t be n(0). Let l(o) = o**2 + o + 4. Let b be l(-3). Calculate the greatest common factor of t and b.
10
Let t = 35 - 68. Let c be 2/11 + 336/t. Let y be (-1203)/(-15) + 2/c. What is the highest common divisor of 10 and y?
10
Let t be 2 + 0 + 41 + 2. What is the greatest common divisor of t and 9?
9
Let m(v) = v**3 - 10*v**2 + 13*v - 3. Let o be m(9). Suppose 5*r - o = 27. What is the highest common divisor of 8 and r?
4
Let j(c) = c**3 - 2*c. Let a be j(2). Let q(z) = 3*z**2 + 5*z - 4. Let o be q(5). Let r = -68 + o. Calculate the highest common divisor of r and a.
4
Let r be 1*(-6 - -3 - -1). Let a be (-3)/((-6)/r)*-11. What is the greatest common divisor of 44 and a?
11
Let w = -3 + 67. Let i = -38 + 54. Calculate the highest common divisor of i and w.
16
Suppose 0 = 3*y - 5*y + 32. Let u be (-10)/(-5)*(0 - -1). What is the greatest common divisor of u and y?
2
Let c be (-1 - 1)*-1 - -1. Let y = c + 3. Let g be ((-5)/(-2))/(95/228). Calculate the greatest common factor of y and g.
6
Let t be 7574/(-70) + (-2)/(-10). Let a = t - -153. Let r be 1/2*10/1. Calculate the highest common divisor of a and r.
5
Let u(f) = f**2 - 2*f - 13. Let o be u(7). What is the highest common divisor of 2 and o?
2
Let i be (7/21)/(2/18). Suppose -6*a + 2*a = 5*r - 26, -21 = -3*r + i*a. What is the greatest common factor of r and 24?
6
Let f be 149 - -6 - (-1)/(-1). Let y be -3*3/(27/33). Let s = 25